-1 + (2 - 1)). Suppose 2*l + 2 = -2*c, -4*c + 1 = l - n. Let t(s) = -10*s - 3. What is t(l)?
17
Let s be (-121)/(-22)*-2 + 10. Let z(m) = 3*m**2 - 3*m. Determine z(s).
6
Let b(t) = t**2 - 5*t + 6. Suppose -2*i = -3*m - 93, 4*m - 148 - 50 = -5*i. Suppose -3*u = -8*u - 2*c - i, 5*u + 39 = c. Let a be 1*u*(-7)/14. What is b(a)?
2
Let q be -1*(-154)/14 - 6. Let p(k) = -k**2 + 7*k - 6. Calculate p(q).
4
Let s(c) = -c**2 + 6*c + 4. Suppose 5*d + 17 = -5*k + 42, -3*k - 5*d + 13 = 0. Determine s(k).
4
Let c(t) = -3*t**2 - 13*t - 3. Let n(l) = -8*l**2 - 38*l - 8. Let j(m) = -11*c(m) + 4*n(m). Let w = 53 + -47. Calculate j(w).
-17
Suppose 185 = -18*a - 19*a. Let y(x) = -x**3 - 6*x**2 - 5*x - 5. Give y(a).
-5
Let s(m) = -3*m. Let h = -395 + 386. Calculate s(h).
27
Let w(s) be the second derivative of s**5/20 + 5*s**4/6 + 4*s**3/3 - 3*s**2 + 16*s + 17. Give w(-9).
3
Let m(c) be the second derivative of -7/6*c**3 + 2*c + 0 + 1/2*c**2. What is m(1)?
-6
Let q(d) = 21*d - 14. Let r(x) = 7*x - 5. Let s(b) = -b**2 - 11*b + 20. Let h be s(-13). Let c(m) = h*q(m) + 17*r(m). Give c(-1).
6
Let v(x) = -2*x + 5. Let p(k) = -8*k + 30. Let o(a) = p(a) - 6*v(a). Suppose n + 2*h = 13, 2 = -2*n + 4*h - 12. Give o(n).
12
Suppose 127*b = 105*b + 198. Let r(c) = -4*c + 30. Give r(b).
-6
Let u(a) be the third derivative of 5/6*a**3 - 1/10*a**5 + 0*a - 5*a**2 + 0 - 1/6*a**4 - 1/120*a**6. Give u(-5).
0
Let i(v) be the second derivative of v**5/20 - v**4/6 + v**3/3 - 13*v**2/2 - 15*v + 28. Give i(3).
2
Let s(j) = -j - 8. Suppose -7 - 1 = -2*a. Suppose 0 = 3*h + 4*b + 23, -3*b = a*h - 5*b + 16. Calculate s(h).
-3
Let o = -89 - -88. Let k(a) = -14*a - 1. Give k(o).
13
Let z(n) = 25 - 5*n**2 - 51 + 20 - 2*n. Let c(i) = -6*i**2 - 2*i - 7. Let y(r) = 6*c(r) - 7*z(r). Let g = 7 + -4. What is y(g)?
-3
Let y(a) = -2*a - 3. Let l(g) = -26*g + 387. Let h be l(15). What is y(h)?
3
Suppose -2 + 3 = -3*k - a, 0 = a + 4. Let n(w) = w + k - 5 + 3 - 2*w. Let g be (-2)/(2/(-3)*-3). Give n(g).
0
Let f = -124 + 120. Let g(i) = -i**2 + 3*i + 4. What is g(f)?
-24
Let n(j) be the first derivative of 1/3*j**3 + 0*j**2 + 1/120*j**5 + 0*j - 1/24*j**4 + 10. Let p(b) be the third derivative of n(b). Give p(6).
5
Let s(l) = -45*l**2 - l - 7. Let p(u) = -20*u**2 - 3. Let q(i) = -5*p(i) + 2*s(i). What is q(1)?
9
Let p(z) = z**3 + 2*z**2 - 3*z + 3. Let x = 1402 + -1405. Calculate p(x).
3
Let o(x) = -x**2 - 2*x - 3. Suppose -30 = 17*n + 4. Give o(n).
-3
Suppose 3*w - 4 = -3*j + j, -5*w + 3*j = -32. Let i be ((-2)/w)/(1/12*-2). Let v(l) = -2*l**3 + 3*l**2 + 4*l + 1. Calculate v(i).
-14
Let t(x) = 12*x**3 - 2*x + 1. Let a = -219 - -220. Give t(a).
11
Suppose -3*j = -4*k + 72 - 12, k = -5*j - 8. Let t be (-15)/(-6)*k/3 - 3. Let n(s) = -s**3 + 7*s**2 + 4. What is n(t)?
4
Let d(s) = -6*s - 1. Let c(m) = 12*m + 3. Let x(b) = -2*c(b) - 5*d(b). Suppose -3 + 1 = -2*v. Give x(v).
5
Let i = 0 - 1. Let b(h) be the first derivative of -h**6/90 + h**5/60 + h**4/24 + 2*h**3/3 - 6. Let r(m) be the third derivative of b(m). Determine r(i).
-5
Suppose -3*a - 9 = 9. Let c(u) = 147 - 33*u + 155 - 308 + 32*u. Calculate c(a).
0
Let i be 3*((-2)/(-3) + 0). Suppose i*j - 61 = -9. Suppose -t + 24 = j. Let r(d) = -2*d**3 - 4*d**2 - 2*d + 2. What is r(t)?
6
Suppose 0 = -0*l + l + v, l - 2*v = 6. Suppose t + q - 2 = 0, -l*t + 5*t - 3*q = 18. Let m(o) = -o**3 + 5*o**2 + 2*o. Give m(t).
24
Let t(r) = -r**3 - r**2 - r - 39. Suppose -20*o + 24 - 24 = 0. Calculate t(o).
-39
Let b(o) be the first derivative of o**4/4 - 5*o**3/3 - o**2/2 - 145. Calculate b(5).
-5
Suppose -2*i + 2*t - 11 = -t, 4*i = 4*t - 16. Let y(r) be the second derivative of r**3 + 4392*r. Determine y(i).
-6
Let q(f) be the first derivative of -7 + f - 5/2*f**2. Let u = -32 + 31. Calculate q(u).
6
Suppose 0 + 4 = 4*f. Let c be -7 + (-2 + f)*-2. Let t(g) be the first derivative of g**4/4 + 5*g**3/3 + g**2 - 3*g + 4. Calculate t(c).
-13
Let c(w) = -w**3 + 9*w**2 - w - 2. Let f be c(9). Let d(l) = 13*l + 10. Let j(b) = -7*b - 5. Let v(z) = f*j(z) - 6*d(z). Give v(4).
-9
Let h(t) = t**2 + 3*t - 17. Let r(l) = -2*l**2 - 33*l + 95. Let q be r(-19). What is h(q)?
-17
Let m(j) = j**2 - 6*j + 6. Let n(u) = 3*u**2 - u + 31. Let f(s) = 4*s**2 + 31. Let z(y) = 4*f(y) - 5*n(y). Let a be z(-9). Determine m(a).
1
Let i(d) = -7 + 3*d + d + 5 + 3. Let f be 0 + -2 + 7/(14/(-4)). Give i(f).
-15
Let p(l) be the third derivative of l**6/120 + 7*l**5/60 - l**4/8 - 5*l**3/6 + 10*l**2 - 11. Calculate p(-5).
60
Let d be 0 + (7 + 0 - (-5)/5). Suppose 4 = -d*s + 4*s. Let p(c) = -2*c**2 - 2*c - 1. What is p(s)?
-1
Let m = 21 + -19. Let r(z) = 0*z**3 - 2 - 2*z**2 + 20*z - z**3 - z**m - 18*z. Calculate r(-4).
6
Let o(w) = -2 - 13*w - 15*w - 22*w + 49*w. Calculate o(-9).
7
Let p be (27/81)/(2/(-24)*2). Let k be -6*((-16)/12)/p. Let q(s) = s**2 + s - 5. Give q(k).
7
Let n(y) = -5*y + 3. Let f be n(-1). Let s(w) = -13*w - 222*w**2 + 223*w**2 + 4*w + f. Determine s(7).
-6
Let w(i) = -i**3 + 2*i**2 + 2*i - 1. Let d(r) = -2*r - 12. Suppose -45 + 15 = 5*q. Let g be d(q). Suppose x - 2 = -g. What is w(x)?
3
Let u = -1 - -8. Let z(j) = u + 7*j**2 + j + 3*j**2 - 9*j**2. Let w(c) = -c**3 - 4*c**2 - 4*c - 3. Let f be w(-3). Give z(f).
7
Let m(p) be the first derivative of -p**6/360 - p**5/30 - p**4/12 - 8*p**3/3 + 3*p - 18. Let a(j) be the third derivative of m(j). Determine a(-4).
-2
Suppose -3*n = -2*y - 3*y - 5, -y - 4*n + 22 = 0. Let r(z) = -z + 6 + 2 + 0*z - y. Give r(5).
1
Let g(u) = u + 5. Suppose -2*v - 11 = 7. Let o = 4 + v. What is g(o)?
0
Let d(c) be the first derivative of c**4/4 + 3*c**3 - c**2 - 5*c + 49. Calculate d(-9).
13
Let m(q) = 2 - 2*q + 0*q + 0. Suppose v - 30 = -v. Suppose 0 = 5*l - 3*t - 2*t - 20, 3*t = 4*l - v. Calculate m(l).
-4
Let i be 0/(-1 - -2) + 6. Suppose -7*b = -25 - 17. Let q(n) = -n + 10 + 7 - b. Give q(i).
5
Let s(y) be the third derivative of -y**5/60 + 5*y**4/24 + 3*y**3/2 - 303*y**2. What is s(7)?
-5
Let c(f) = 7*f**2 + 22*f + 1. Suppose 0*k - 14 = 2*g + 4*k, 3*g - 3*k + 3 = 0. Give c(g).
-2
Let i be (24/9)/((-4)/(-6)). Let f(b) be the first derivative of -b**3/3 + 3*b**2/2 - 3*b - 104. Determine f(i).
-7
Let n(i) = -2*i - i**2 - 8 - i + 6. Suppose -5*j + 5 = 5*m, -3*m = -2*j + 2*m - 19. Give n(j).
0
Let x(j) be the second derivative of -j**5/20 + j**4/12 - j**3/6 + 3*j**2/2 + j. Let t be (-6)/21 - 16/(-7). Suppose -t*q = -0*q. What is x(q)?
3
Let s = -84 + 91. Let g(n) = 2*n**3 - 14*n**2 + 5. Calculate g(s).
5
Let g(b) be the second derivative of -b**3/6 - 3*b**2/2 + 3*b + 23. What is g(-2)?
-1
Let x(r) be the first derivative of r**4/4 - 5*r**3 + r**2 + 9*r + 383. Determine x(15).
39
Let w(o) be the second derivative of -1/12*o**4 + 11/6*o**3 - 3*o**2 - 10 - 2*o. Determine w(8).
18
Suppose -9 - 3 = -2*p. Let b(q) = 2*q - 7. Let r be b(p). Let i(l) = l + 1 + 0*l - 3*l + 3*l. Determine i(r).
6
Let d(q) = -q**3 + q**2 - 3. Let c(x) = -x**3 - x**2 + x. Let w(f) = -3*f**3 - 12*f**2 + 4*f. Let z(n) = -4*c(n) + w(n). Let b be z(8). What is d(b)?
-3
Let g(v) = v**3 - 4*v**2 - v + 4. Let p = -2786 - -2790. Give g(p).
0
Suppose 5*b + 4*g - 11 = 0, 2*b - 4*b + 1 = 5*g. Let h = b + 1. Let n(y) = 91*y**2 + 3*y - 6*y - 90*y**2 - 4. Determine n(h).
0
Let q(d) = 25*d**2 - 10*d - 7. Let o(t) = 38*t**2 - 11*t - 8. Let m(x) = 2*o(x) - 3*q(x). Let y be 0 + -4 + 2 + -7. Calculate m(y).
14
Let a(o) be the second derivative of o**5/20 - o**4/3 + o**3/2 - 63*o. Suppose -n - 3*n = -16. What is a(n)?
12
Let w = -13 + 5. Let a(q) be the second derivative of q**5/20 + 3*q**4/4 + 3*q**3/2 + 7*q**2/2 - 822*q. Calculate a(w).
-1
Suppose -r + 2394 = r. Let z(y) = 2*y**2 + r - 4*y - 1197. Suppose 5*s + 2*k = 9, -4*s + 0*k + 9 = k. Give z(s).
6
Let m(q) = 5. Let c(f) = -f - 7. Let l(z) = -c(z) - 3*m(z). Determine l(11).
3
Let z = -28 - -26. Let k(a) = a**2 - 2*a - 1. What is k(z)?
7
Let v(s) = -s**3 - 8*s**2 - 6*s. Suppose 4 + 10 = 5*b - u, 2*u = b - 1. Suppose -2*h = 5*i + 14, 5*h - b*i + 19 + 16 = 0. Give v(h).
-7
Let g(p) = p**3 - 7*p**2 - 5*p + 9. Let n(d) = 3*d**3 - 2*d**3 - 36 - 2*d**3 + 35. Let r(s) = g(s) + 2*n(s). Determine r(-6).
1
Let m(c) = 2*c**3 + c**2 - c + 1. Suppose 4*y = -3*r - 8, -5*y - 8*r + 9*r = 10. Give m(y).
-9
Let y = -6 - -6. Let t(s) = s**3 + 2 + y*s - 6*s - 4*s**2 + 9*s**2 +